{"id":1393,"date":"2019-04-08T16:20:35","date_gmt":"2019-04-08T14:20:35","guid":{"rendered":"https:\/\/telepolice.be\/?page_id=1393"},"modified":"2026-02-23T09:44:36","modified_gmt":"2026-02-23T08:44:36","slug":"nos-produits","status":"publish","type":"page","link":"https:\/\/telepolice.be\/index.php\/nos-produits\/","title":{"rendered":"Nos Produits"},"content":{"rendered":"<div  data-label=\"Portfolio\" data-id=\"portfolio--1\" data-export-id=\"portfolio-1\" data-category=\"portfolio\" class=\"portfolio-1 content-section content-section-spacing\" id=\"portfolio-1\" style=\"background-color: rgb(245, 250, 253);\"><div  class=\"gridContainer\"> <div  class=\"row text-center\"><div  class=\"section-title-col\" data-type=\"column\"> <h2  class=\"\">Une s\u00e9lection des meilleurs produits<\/h2> <p  class=\"lead\">T\u00e9l\u00e9police Vision met \u00e0 votre disposition une gamme de produit d\u2019haute qualit\u00e9 afin d\u2019assurer votre s\u00e9curit\u00e9\u2026<\/p><\/div> <\/div> <div  data-type=\"row\" class=\"row spaced-cols\" data-fixed=\"true\"> <div  class=\"col-xs-12 col-sm-4 col-md-3\"> <div  class=\"contentswap-effect visible\" data-hover-fx=\"portfolio-1\"> <div  class=\"initial-image\"> <img decoding=\"async\"  data-size=\"500x333\" src=\"https:\/\/telepolice.be\/wp-content\/uploads\/2019\/04\/cropped-Audiobel-portfolio-01.jpg\"><\/div> <div  class=\"overlay\"><\/div> <div  class=\"swap-inner col-xs-12\"> <div  class=\"row full-height-row bottom-xs\"> <div  class=\"col-xs-12 color1 text-center content-holder\"> <h4  class=\"inverted font-500\">Audiobel<\/h4> <a  href=\"https:\/\/telepolice.be\/index.php\/product\/audiobel\" class=\"inverted italic p small\" target=\"_self\" data-cp-link=\"1\">En savoir plus<\/a><\/div> <\/div><\/div> <\/div><\/div> <div  class=\"col-xs-12 col-sm-4 col-md-3\"><div  class=\"contentswap-effect visible\" data-hover-fx=\"portfolio-1\"> <div  class=\"initial-image\"> <img decoding=\"async\"  data-size=\"500x333\" src=\"https:\/\/telepolice.be\/wp-content\/uploads\/2019\/04\/cropped-camera-portfolio-01.jpg\"><\/div> <div  class=\"overlay\"><\/div> <div  class=\"swap-inner col-xs-12\"> <div  class=\"row full-height-row bottom-xs\"> <div  class=\"col-xs-12 color1 text-center content-holder\"> <h4  class=\"inverted font-500\">Camera T\u00e9l\u00e9police Vision<\/h4> <a  href=\"https:\/\/telepolice.be\/index.php\/product\/camera-telepolice-vision\" class=\"inverted italic p small\" target=\"_self\" data-cp-link=\"1\">En savoir plus<\/a><\/div> <\/div><\/div> <\/div><\/div> <div  class=\"col-xs-12 col-sm-4 col-md-3\"><div  class=\"contentswap-effect visible\" data-hover-fx=\"portfolio-1\"> <div  class=\"initial-image\"> <img decoding=\"async\"  data-size=\"500x333\" src=\"https:\/\/telepolice.be\/wp-content\/uploads\/2019\/04\/cropped-DECR-01.jpg\"><\/div> <div  class=\"overlay\"><\/div> <div  class=\"swap-inner col-xs-12\"> <div  class=\"row full-height-row bottom-xs\"> <div  class=\"col-xs-12 color1 text-center content-holder\"> <h4  class=\"inverted font-500\">D.E.C.R<\/h4> <a  href=\"https:\/\/telepolice.be\/index.php\/product\/decr\" class=\"inverted italic p small\" target=\"_self\" data-cp-link=\"1\">En savoir plus<\/a><\/div> <\/div><\/div> <\/div><\/div> <div  class=\"col-xs-12 col-sm-4 col-md-3\"><div  class=\"contentswap-effect visible\" data-hover-fx=\"portfolio-1\"> <div  class=\"initial-image\"> <img decoding=\"async\"  data-size=\"500x333\" src=\"https:\/\/telepolice.be\/wp-content\/uploads\/2026\/02\/cropped-6-removebg-preview-r0hd3ey7eughz0nfw21bbqd909wy49aifcoxuphyhc.png\"><\/div> <div  class=\"overlay\"><\/div> <div  class=\"swap-inner col-xs-12\"> <div  class=\"row full-height-row bottom-xs\"> <div  class=\"col-xs-12 color1 text-center content-holder\"> <h4  class=\"inverted font-500\">Alarme  Live Guardning<\/h4> <a  href=\"https:\/\/liveguarding.com\/nos-alarme-2-2\" class=\"inverted italic p small\" target=\"_self\" data-cp-link=\"1\">En savoir plus<\/a><\/div> <\/div><\/div> <\/div><\/div> <div  class=\"col-xs-12 col-sm-4 col-md-3\"><div  class=\"contentswap-effect visible\" data-hover-fx=\"portfolio-1\"> <div  class=\"initial-image\"> <img decoding=\"async\"  data-size=\"500x333\" src=\"https:\/\/telepolice.be\/wp-content\/uploads\/2019\/04\/cropped-LiveGuarding-portfolio-01.jpg\"><\/div> <div  class=\"overlay\"><\/div> <div  class=\"swap-inner col-xs-12\"> <div  class=\"row full-height-row bottom-xs\"> <div  class=\"col-xs-12 color1 text-center content-holder\"> <h4  class=\"inverted font-500\">Cam\u00e9ra Live Guarding<\/h4> <a  href=\"https:\/\/liveguarding.com\/nos-alarme-2-2\" class=\"inverted italic p small\" target=\"_self\" data-cp-link=\"1\">En Savoir plus<\/a><\/div> <\/div><\/div> <\/div><\/div> <div  class=\"col-xs-12 col-sm-4 col-md-3\"><div  class=\"contentswap-effect visible\" data-hover-fx=\"portfolio-1\"> <div  class=\"initial-image\"> <img decoding=\"async\"  data-size=\"500x333\" src=\"https:\/\/telepolice.be\/wp-content\/uploads\/2019\/04\/cropped-telecommande-portfolio-01-1.jpg\"><\/div> <div  class=\"overlay\"><\/div> <div  class=\"swap-inner col-xs-12\"> <div  class=\"row full-height-row bottom-xs\"> <div  class=\"col-xs-12 color1 text-center content-holder\"> <h4  class=\"inverted font-500\">T\u00e9l\u00e9commande SOS T\u00e9l\u00e9police \u00ae<\/h4> <a  href=\"https:\/\/telepolice.be\/index.php\/product\/telecommande-sos-telepolice\" class=\"inverted italic p small\" target=\"_self\" data-cp-link=\"1\">En savoir plus<\/a><\/div> <\/div><\/div> <\/div><\/div> <div  class=\"col-xs-12 col-sm-4 col-md-3\"> <div  class=\"contentswap-effect visible\" data-hover-fx=\"portfolio-1\"> <div  class=\"initial-image\"> <img decoding=\"async\"  data-size=\"500x333\" src=\"https:\/\/telepolice.be\/wp-content\/uploads\/2019\/04\/cropped-sostelepolicefixe-01.jpg\"><\/div> <div  class=\"overlay\"><\/div> <div  class=\"swap-inner col-xs-12\"> <div  class=\"row full-height-row bottom-xs\"> <div  class=\"col-xs-12 color1 text-center content-holder\"> <h4  class=\"inverted font-500\">Point D\u2019appel \u00ab Blue \u00bb SOS<\/h4> <a  href=\"https:\/\/telepolice.be\/index.php\/product\/point-dappel-blue-sos-de-telepolice-vision\" class=\"inverted italic p small\" target=\"_self\" data-cp-link=\"1\">En savoir plus<\/a><\/div> <\/div><\/div> <\/div><\/div><div  class=\"col-xs-12 col-sm-4 col-md-3\"> <div  class=\"contentswap-effect visible\" data-hover-fx=\"portfolio-1\"> <div  class=\"initial-image\"> <img decoding=\"async\"  data-size=\"500x333\" src=\"https:\/\/telepolice.be\/wp-content\/uploads\/2019\/04\/cropped-NVR-LIVEGUARDING-2017-01.jpg\"><\/div> <div  class=\"overlay\"><\/div> <div  class=\"swap-inner col-xs-12\"> <div  class=\"row full-height-row bottom-xs\"> <div  class=\"col-xs-12 color1 text-center content-holder\"> <h4  class=\"inverted font-500\">Enregistreur Live Guarding<\/h4> <a  href=\"https:\/\/telepolice.be\/index.php\/product\/enregistreur-numerique\" class=\"inverted italic p small\" target=\"_self\" data-cp-link=\"1\">En savoir plus<\/a><\/div> <\/div><\/div> <\/div><\/div><\/div><\/div> <\/div>","protected":false},"excerpt":{"rendered":"<p>Une s\u00e9lection des meilleurs produits T\u00e9l\u00e9police Vision met \u00e0 votre disposition une gamme de produit d\u2019haute qualit\u00e9 afin d\u2019assurer votre s\u00e9curit\u00e9\u2026 Audiobel En savoir plus Camera T\u00e9l\u00e9police Vision En savoir plus D.E.C.R En savoir plus Alarme Live Guardning En savoir plus Cam\u00e9ra Live Guarding En Savoir plus T\u00e9l\u00e9commande SOS T\u00e9l\u00e9police \u00ae En savoir plus Point&hellip; <br \/> <a class=\"read-more\" href=\"https:\/\/telepolice.be\/index.php\/nos-produits\/\">Lire la suite<\/a><\/p>\n","protected":false},"author":1,"featured_media":0,"parent":0,"menu_order":0,"comment_status":"closed","ping_status":"closed","template":"","meta":{"footnotes":""},"class_list":["post-1393","page","type-page","status-publish","hentry"],"yoast_head":"<!-- This site is optimized with the Yoast SEO plugin v27.3 - https:\/\/yoast.com\/product\/yoast-seo-wordpress\/ -->\n<title>Nos Produits - TELEPOLICE<\/title>\n<meta name=\"robots\" content=\"index, follow, max-snippet:-1, max-image-preview:large, max-video-preview:-1\" \/>\n<link rel=\"canonical\" href=\"https:\/\/telepolice.be\/index.php\/nos-produits\/\" \/>\n<meta property=\"og:locale\" content=\"fr_FR\" \/>\n<meta property=\"og:type\" content=\"article\" \/>\n<meta property=\"og:title\" content=\"Nos Produits - TELEPOLICE\" \/>\n<meta property=\"og:description\" content=\"Une s\u00e9lection des meilleurs produits T\u00e9l\u00e9police Vision met \u00e0 votre disposition une gamme de produit d\u2019haute qualit\u00e9 afin d\u2019assurer votre s\u00e9curit\u00e9\u2026 Audiobel En savoir plus Camera T\u00e9l\u00e9police Vision En savoir plus D.E.C.R En savoir plus Alarme Live Guardning En savoir plus Cam\u00e9ra Live Guarding En Savoir plus T\u00e9l\u00e9commande SOS T\u00e9l\u00e9police \u00ae En savoir plus Point&hellip; Lire la suite\" \/>\n<meta property=\"og:url\" content=\"https:\/\/telepolice.be\/index.php\/nos-produits\/\" \/>\n<meta property=\"og:site_name\" content=\"TELEPOLICE\" \/>\n<meta property=\"article:modified_time\" content=\"2026-02-23T08:44:36+00:00\" \/>\n<meta property=\"og:image\" content=\"https:\/\/telepolice.be\/wp-content\/uploads\/2019\/04\/cropped-Audiobel-portfolio-01.jpg\" \/>\n<meta name=\"twitter:card\" content=\"summary_large_image\" \/>\n<script type=\"application\/ld+json\" class=\"yoast-schema-graph\">{\"@context\":\"https:\\\/\\\/schema.org\",\"@graph\":[{\"@type\":\"WebPage\",\"@id\":\"https:\\\/\\\/telepolice.be\\\/index.php\\\/nos-produits\\\/\",\"url\":\"https:\\\/\\\/telepolice.be\\\/index.php\\\/nos-produits\\\/\",\"name\":\"Nos Produits - TELEPOLICE\",\"isPartOf\":{\"@id\":\"https:\\\/\\\/telepolice.be\\\/#website\"},\"primaryImageOfPage\":{\"@id\":\"https:\\\/\\\/telepolice.be\\\/index.php\\\/nos-produits\\\/#primaryimage\"},\"image\":{\"@id\":\"https:\\\/\\\/telepolice.be\\\/index.php\\\/nos-produits\\\/#primaryimage\"},\"thumbnailUrl\":\"https:\\\/\\\/telepolice.be\\\/wp-content\\\/uploads\\\/2019\\\/04\\\/cropped-Audiobel-portfolio-01.jpg\",\"datePublished\":\"2019-04-08T14:20:35+00:00\",\"dateModified\":\"2026-02-23T08:44:36+00:00\",\"breadcrumb\":{\"@id\":\"https:\\\/\\\/telepolice.be\\\/index.php\\\/nos-produits\\\/#breadcrumb\"},\"inLanguage\":\"fr-FR\",\"potentialAction\":[{\"@type\":\"ReadAction\",\"target\":[\"https:\\\/\\\/telepolice.be\\\/index.php\\\/nos-produits\\\/\"]}]},{\"@type\":\"ImageObject\",\"inLanguage\":\"fr-FR\",\"@id\":\"https:\\\/\\\/telepolice.be\\\/index.php\\\/nos-produits\\\/#primaryimage\",\"url\":\"https:\\\/\\\/telepolice.be\\\/wp-content\\\/uploads\\\/2019\\\/04\\\/cropped-audiobel-portfolio-01.jpg\",\"contentUrl\":\"https:\\\/\\\/telepolice.be\\\/wp-content\\\/uploads\\\/2019\\\/04\\\/cropped-audiobel-portfolio-01.jpg\",\"width\":1181,\"height\":1181},{\"@type\":\"BreadcrumbList\",\"@id\":\"https:\\\/\\\/telepolice.be\\\/index.php\\\/nos-produits\\\/#breadcrumb\",\"itemListElement\":[{\"@type\":\"ListItem\",\"position\":1,\"name\":\"Accueil\",\"item\":\"https:\\\/\\\/telepolice.be\\\/\"},{\"@type\":\"ListItem\",\"position\":2,\"name\":\"Nos Produits\"}]},{\"@type\":\"WebSite\",\"@id\":\"https:\\\/\\\/telepolice.be\\\/#website\",\"url\":\"https:\\\/\\\/telepolice.be\\\/\",\"name\":\"TELEPOLICE\",\"description\":\"Prot\u00e9gez votre entreprise\",\"publisher\":{\"@id\":\"https:\\\/\\\/telepolice.be\\\/#organization\"},\"potentialAction\":[{\"@type\":\"SearchAction\",\"target\":{\"@type\":\"EntryPoint\",\"urlTemplate\":\"https:\\\/\\\/telepolice.be\\\/?s={search_term_string}\"},\"query-input\":{\"@type\":\"PropertyValueSpecification\",\"valueRequired\":true,\"valueName\":\"search_term_string\"}}],\"inLanguage\":\"fr-FR\"},{\"@type\":\"Organization\",\"@id\":\"https:\\\/\\\/telepolice.be\\\/#organization\",\"name\":\"TELE POLICE\",\"url\":\"https:\\\/\\\/telepolice.be\\\/\",\"logo\":{\"@type\":\"ImageObject\",\"inLanguage\":\"fr-FR\",\"@id\":\"https:\\\/\\\/telepolice.be\\\/#\\\/schema\\\/logo\\\/image\\\/\",\"url\":\"https:\\\/\\\/telepolice.be\\\/wp-content\\\/uploads\\\/2019\\\/04\\\/cropped-logotelepolice-3.png\",\"contentUrl\":\"https:\\\/\\\/telepolice.be\\\/wp-content\\\/uploads\\\/2019\\\/04\\\/cropped-logotelepolice-3.png\",\"width\":408,\"height\":65,\"caption\":\"TELE POLICE\"},\"image\":{\"@id\":\"https:\\\/\\\/telepolice.be\\\/#\\\/schema\\\/logo\\\/image\\\/\"}}]}<\/script>\n<!-- \/ Yoast SEO plugin. -->","yoast_head_json":{"title":"Nos Produits - TELEPOLICE","robots":{"index":"index","follow":"follow","max-snippet":"max-snippet:-1","max-image-preview":"max-image-preview:large","max-video-preview":"max-video-preview:-1"},"canonical":"https:\/\/telepolice.be\/index.php\/nos-produits\/","og_locale":"fr_FR","og_type":"article","og_title":"Nos Produits - TELEPOLICE","og_description":"Une s\u00e9lection des meilleurs produits T\u00e9l\u00e9police Vision met \u00e0 votre disposition une gamme de produit d\u2019haute qualit\u00e9 afin d\u2019assurer votre s\u00e9curit\u00e9\u2026 Audiobel En savoir plus Camera T\u00e9l\u00e9police Vision En savoir plus D.E.C.R En savoir plus Alarme Live Guardning En savoir plus Cam\u00e9ra Live Guarding En Savoir plus T\u00e9l\u00e9commande SOS T\u00e9l\u00e9police \u00ae En savoir plus Point&hellip; Lire la suite","og_url":"https:\/\/telepolice.be\/index.php\/nos-produits\/","og_site_name":"TELEPOLICE","article_modified_time":"2026-02-23T08:44:36+00:00","og_image":[{"url":"https:\/\/telepolice.be\/wp-content\/uploads\/2019\/04\/cropped-Audiobel-portfolio-01.jpg","type":"","width":"","height":""}],"twitter_card":"summary_large_image","schema":{"@context":"https:\/\/schema.org","@graph":[{"@type":"WebPage","@id":"https:\/\/telepolice.be\/index.php\/nos-produits\/","url":"https:\/\/telepolice.be\/index.php\/nos-produits\/","name":"Nos Produits - TELEPOLICE","isPartOf":{"@id":"https:\/\/telepolice.be\/#website"},"primaryImageOfPage":{"@id":"https:\/\/telepolice.be\/index.php\/nos-produits\/#primaryimage"},"image":{"@id":"https:\/\/telepolice.be\/index.php\/nos-produits\/#primaryimage"},"thumbnailUrl":"https:\/\/telepolice.be\/wp-content\/uploads\/2019\/04\/cropped-Audiobel-portfolio-01.jpg","datePublished":"2019-04-08T14:20:35+00:00","dateModified":"2026-02-23T08:44:36+00:00","breadcrumb":{"@id":"https:\/\/telepolice.be\/index.php\/nos-produits\/#breadcrumb"},"inLanguage":"fr-FR","potentialAction":[{"@type":"ReadAction","target":["https:\/\/telepolice.be\/index.php\/nos-produits\/"]}]},{"@type":"ImageObject","inLanguage":"fr-FR","@id":"https:\/\/telepolice.be\/index.php\/nos-produits\/#primaryimage","url":"https:\/\/telepolice.be\/wp-content\/uploads\/2019\/04\/cropped-audiobel-portfolio-01.jpg","contentUrl":"https:\/\/telepolice.be\/wp-content\/uploads\/2019\/04\/cropped-audiobel-portfolio-01.jpg","width":1181,"height":1181},{"@type":"BreadcrumbList","@id":"https:\/\/telepolice.be\/index.php\/nos-produits\/#breadcrumb","itemListElement":[{"@type":"ListItem","position":1,"name":"Accueil","item":"https:\/\/telepolice.be\/"},{"@type":"ListItem","position":2,"name":"Nos Produits"}]},{"@type":"WebSite","@id":"https:\/\/telepolice.be\/#website","url":"https:\/\/telepolice.be\/","name":"TELEPOLICE","description":"Prot\u00e9gez votre entreprise","publisher":{"@id":"https:\/\/telepolice.be\/#organization"},"potentialAction":[{"@type":"SearchAction","target":{"@type":"EntryPoint","urlTemplate":"https:\/\/telepolice.be\/?s={search_term_string}"},"query-input":{"@type":"PropertyValueSpecification","valueRequired":true,"valueName":"search_term_string"}}],"inLanguage":"fr-FR"},{"@type":"Organization","@id":"https:\/\/telepolice.be\/#organization","name":"TELE POLICE","url":"https:\/\/telepolice.be\/","logo":{"@type":"ImageObject","inLanguage":"fr-FR","@id":"https:\/\/telepolice.be\/#\/schema\/logo\/image\/","url":"https:\/\/telepolice.be\/wp-content\/uploads\/2019\/04\/cropped-logotelepolice-3.png","contentUrl":"https:\/\/telepolice.be\/wp-content\/uploads\/2019\/04\/cropped-logotelepolice-3.png","width":408,"height":65,"caption":"TELE POLICE"},"image":{"@id":"https:\/\/telepolice.be\/#\/schema\/logo\/image\/"}}]}},"_links":{"self":[{"href":"https:\/\/telepolice.be\/index.php\/wp-json\/wp\/v2\/pages\/1393","targetHints":{"allow":["GET"]}}],"collection":[{"href":"https:\/\/telepolice.be\/index.php\/wp-json\/wp\/v2\/pages"}],"about":[{"href":"https:\/\/telepolice.be\/index.php\/wp-json\/wp\/v2\/types\/page"}],"author":[{"embeddable":true,"href":"https:\/\/telepolice.be\/index.php\/wp-json\/wp\/v2\/users\/1"}],"replies":[{"embeddable":true,"href":"https:\/\/telepolice.be\/index.php\/wp-json\/wp\/v2\/comments?post=1393"}],"version-history":[{"count":7,"href":"https:\/\/telepolice.be\/index.php\/wp-json\/wp\/v2\/pages\/1393\/revisions"}],"predecessor-version":[{"id":3343,"href":"https:\/\/telepolice.be\/index.php\/wp-json\/wp\/v2\/pages\/1393\/revisions\/3343"}],"wp:attachment":[{"href":"https:\/\/telepolice.be\/index.php\/wp-json\/wp\/v2\/media?parent=1393"}],"curies":[{"name":"wp","href":"https:\/\/api.w.org\/{rel}","templated":true}]}}