{"version":"1.0","provider_name":"TELEPOLICE","provider_url":"https:\/\/telepolice.be","title":"Criminalit\u00e9 \u00e0 Bruxelles : \"le fruit de l'inaction politique et du laxisme ambiant\" - TELEPOLICE","type":"rich","width":600,"height":338,"html":"<blockquote class=\"wp-embedded-content\" data-secret=\"H1pr5PZt1X\"><a href=\"https:\/\/telepolice.be\/index.php\/2019\/02\/01\/criminalite-a-bruxelles\/\">Criminalit\u00e9 \u00e0 Bruxelles : \u00ab\u00a0le fruit de l&rsquo;inaction politique et du laxisme ambiant\u00a0\u00bb<\/a><\/blockquote><iframe sandbox=\"allow-scripts\" security=\"restricted\" src=\"https:\/\/telepolice.be\/index.php\/2019\/02\/01\/criminalite-a-bruxelles\/embed\/#?secret=H1pr5PZt1X\" width=\"600\" height=\"338\" title=\"\u00ab\u00a0Criminalit\u00e9 \u00e0 Bruxelles : \u00ab\u00a0le fruit de l&rsquo;inaction politique et du laxisme ambiant\u00a0\u00bb\u00a0\u00bb &#8212; TELEPOLICE\" data-secret=\"H1pr5PZt1X\" frameborder=\"0\" marginwidth=\"0\" marginheight=\"0\" scrolling=\"no\" class=\"wp-embedded-content\"><\/iframe><script type=\"text\/javascript\">\n\/* <![CDATA[ *\/\n\/*! This file is auto-generated *\/\n!function(d,l){\"use strict\";l.querySelector&&d.addEventListener&&\"undefined\"!=typeof URL&&(d.wp=d.wp||{},d.wp.receiveEmbedMessage||(d.wp.receiveEmbedMessage=function(e){var t=e.data;if((t||t.secret||t.message||t.value)&&!\/[^a-zA-Z0-9]\/.test(t.secret)){for(var s,r,n,a=l.querySelectorAll('iframe[data-secret=\"'+t.secret+'\"]'),o=l.querySelectorAll('blockquote[data-secret=\"'+t.secret+'\"]'),c=new RegExp(\"^https?:$\",\"i\"),i=0;i<o.length;i++)o[i].style.display=\"none\";for(i=0;i<a.length;i++)s=a[i],e.source===s.contentWindow&&(s.removeAttribute(\"style\"),\"height\"===t.message?(1e3<(r=parseInt(t.value,10))?r=1e3:~~r<200&&(r=200),s.height=r):\"link\"===t.message&&(r=new URL(s.getAttribute(\"src\")),n=new URL(t.value),c.test(n.protocol))&&n.host===r.host&&l.activeElement===s&&(d.top.location.href=t.value))}},d.addEventListener(\"message\",d.wp.receiveEmbedMessage,!1),l.addEventListener(\"DOMContentLoaded\",function(){for(var e,t,s=l.querySelectorAll(\"iframe.wp-embedded-content\"),r=0;r<s.length;r++)(t=(e=s[r]).getAttribute(\"data-secret\"))||(t=Math.random().toString(36).substring(2,12),e.src+=\"#?secret=\"+t,e.setAttribute(\"data-secret\",t)),e.contentWindow.postMessage({message:\"ready\",secret:t},\"*\")},!1)))}(window,document);\n\/\/# sourceURL=https:\/\/telepolice.be\/wp-includes\/js\/wp-embed.min.js\n\/* ]]> *\/\n<\/script>\n","description":"Le parti r\u00e9formateur entend par ailleurs d\u00e9manteler les bandes \u00ab\u00a0qui pourrissent les quartiers du centre-ville et europ\u00e9en\u00a0\u00bb. Le MR de Bruxelles-Ville a d\u00e9nonc\u00e9 jeudi \u00ab\u00a0l&rsquo;inaction politique et le laxisme ambiant depuis des ann\u00e9es en mati\u00e8re de s\u00e9curit\u00e9\u00a0\u00bb apr\u00e8s la publication de chiffres peu favorables sur la criminalit\u00e9 dans la capitale. \u00ab\u00a0Avec 37 d\u00e9lits par 100&hellip; Lire la suite"}

Criminalité à Bruxelles : "le fruit de l'inaction politique et du laxisme ambiant" - TELEPOLICE

<blockquote class="wp-embedded-content" data-secret="H1pr5PZt1X"><a href="https://telepolice.be/index.php/2019/02/01/criminalite-a-bruxelles/">Criminalité à Bruxelles : « le fruit de l&rsquo;inaction politique et du laxisme ambiant »</a></blockquote><iframe sandbox="allow-scripts" security="restricted" src="https://telepolice.be/index.php/2019/02/01/criminalite-a-bruxelles/embed/#?secret=H1pr5PZt1X" width="600" height="338" title="« Criminalité à Bruxelles : « le fruit de l&rsquo;inaction politique et du laxisme ambiant » » &#8212; TELEPOLICE" data-secret="H1pr5PZt1X" frameborder="0" marginwidth="0" marginheight="0" scrolling="no" class="wp-embedded-content"></iframe><script type="text/javascript">
/* <![CDATA[ */
/*! This file is auto-generated */
!function(d,l){"use strict";l.querySelector&&d.addEventListener&&"undefined"!=typeof URL&&(d.wp=d.wp||{},d.wp.receiveEmbedMessage||(d.wp.receiveEmbedMessage=function(e){var t=e.data;if((t||t.secret||t.message||t.value)&&!/[^a-zA-Z0-9]/.test(t.secret)){for(var s,r,n,a=l.querySelectorAll('iframe[data-secret="'+t.secret+'"]'),o=l.querySelectorAll('blockquote[data-secret="'+t.secret+'"]'),c=new RegExp("^https?:$","i"),i=0;i<o.length;i++)o[i].style.display="none";for(i=0;i<a.length;i++)s=a[i],e.source===s.contentWindow&&(s.removeAttribute("style"),"height"===t.message?(1e3<(r=parseInt(t.value,10))?r=1e3:~~r<200&&(r=200),s.height=r):"link"===t.message&&(r=new URL(s.getAttribute("src")),n=new URL(t.value),c.test(n.protocol))&&n.host===r.host&&l.activeElement===s&&(d.top.location.href=t.value))}},d.addEventListener("message",d.wp.receiveEmbedMessage,!1),l.addEventListener("DOMContentLoaded",function(){for(var e,t,s=l.querySelectorAll("iframe.wp-embedded-content"),r=0;r<s.length;r++)(t=(e=s[r]).getAttribute("data-secret"))||(t=Math.random().toString(36).substring(2,12),e.src+="#?secret="+t,e.setAttribute("data-secret",t)),e.contentWindow.postMessage({message:"ready",secret:t},"*")},!1)))}(window,document);
//# sourceURL=https://telepolice.be/wp-includes/js/wp-embed.min.js
/* ]]> */
</script>

Le parti réformateur entend par ailleurs démanteler les bandes « qui pourrissent les quartiers du centre-ville et européen ». Le MR de Bruxelles-Ville a dénoncé jeudi « l&rsquo;inaction politique et le laxisme ambiant depuis des années en matière de sécurité » après la publication de chiffres peu favorables sur la criminalité dans la capitale. « Avec 37 délits par 100&hellip; Lire la suite
